{"id":12969,"date":"2025-04-16T09:22:22","date_gmt":"2025-04-16T07:22:22","guid":{"rendered":"https:\/\/stadinmittakaluste.fi\/mallisto\/?post_type=product&#038;p=12969"},"modified":"2025-04-16T09:32:08","modified_gmt":"2025-04-16T07:32:08","slug":"10-175-a-sailytysjarjestelma","status":"publish","type":"product","link":"https:\/\/stadinmittakaluste.fi\/materiaalit\/product\/10-175-a-sailytysjarjestelma\/","title":{"rendered":"10.175.A s\u00e4ilytysj\u00e4rjestelm\u00e4"},"content":{"rendered":"","protected":false},"excerpt":{"rendered":"","protected":false},"featured_media":12978,"template":"","meta":{"inline_featured_image":false},"product_cat":[88,127],"product_tag":[],"class_list":{"0":"post-12969","1":"product","2":"type-product","3":"status-publish","4":"has-post-thumbnail","6":"product_cat-kaapin-sisusteet","7":"product_cat-siivouskaappi","8":"pa_color-alumiini","9":"pa_color-anodisoitu-matta","10":"pa_color-antiikki-teras","11":"pa_color-antiikkimessinki","12":"pa_color-antiikkipronssi","13":"pa_color-antiikkirauta","14":"pa_color-antrasiitti","15":"pa_color-antrasiitti-midi","16":"pa_color-baijerilainen-pyokki","17":"pa_color-bdbr","18":"pa_color-beige","19":"pa_color-beige-messinki","20":"pa_color-beige-kiillotettu-kromi","21":"pa_color-brs","22":"pa_color-c-laatikko","23":"pa_color-carbon-musta","24":"pa_color-db","25":"pa_color-gbr","26":"pa_color-grafiitinharmaa","27":"pa_color-grbr","28":"pa_color-grfbr","29":"pa_color-harjattu-antrasiitti","30":"pa_color-harjattu-harmaa","31":"pa_color-harjattu-kromi","32":"pa_color-harjattu-kulta","33":"pa_color-harjattu-kupari","34":"pa_color-harjattu-mattakromi","35":"pa_color-harjattu-messinki","36":"pa_color-harjattu-messinki-cava","37":"pa_color-harjattu-messinki-matta-musta","38":"pa_color-harjattu-musta","39":"pa_color-harjattu-nikkeli","40":"pa_color-harjattu-pronssi","41":"pa_color-harjattu-tumma-messinki","42":"pa_color-harjattu-tumma-pronssi","43":"pa_color-harjattu-tumma-pronssi-musta-matta","44":"pa_color-harjattu-tumma-pronssi-pahkinapuu","45":"pa_color-harjattu-tumma-pronssi-tammi","46":"pa_color-harmaa","47":"pa_color-hiekanruskea","48":"pa_color-hiottu-kromi","49":"pa_color-hiottu-ruusukulta","50":"pa_color-kiiillotettu-valkoinen","51":"pa_color-kiillotettu-grafiitti","52":"pa_color-kiillotettu-kromi","53":"pa_color-kiillotettu-kulta","54":"pa_color-kiillotettu-kupari","55":"pa_color-kiillotettu-messinki","56":"pa_color-kiillotettu-musta","57":"pa_color-kiillotettu-musta-nikkeli","58":"pa_color-kiillotettu-nikkeli","59":"pa_color-kiillotettu-pronssi","60":"pa_color-kiiltava-valkoinen","61":"pa_color-kromi","62":"pa_color-kromi-matta-kromi","63":"pa_color-kromi-matta-kromi-2","64":"pa_color-kulta","65":"pa_color-kulta-matta-musta","66":"pa_color-l05","67":"pa_color-l33","68":"pa_color-l619","69":"pa_color-laavaharmaa","70":"pa_color-laavaharmaa-oak","71":"pa_color-laavaharmaa-pahkina-2","72":"pa_color-laavaharmaa-pahkina","73":"pa_color-lgrf","74":"pa_color-lm23","75":"pa_color-mab","76":"pa_color-mac","77":"pa_color-mak","78":"pa_color-manty","79":"pa_color-matta-kromi","80":"pa_color-matta-kulta","81":"pa_color-matta-messinki","82":"pa_color-matta-musta","83":"pa_color-matta-musta-uohi","84":"pa_color-matta-musta-uohi-matta-musta-lakattu","85":"pa_color-matta-musta-uohi-mattamusta-lakattu","86":"pa_color-matta-musta-lakattu","87":"pa_color-matta-nikkeli","88":"pa_color-matta-valkoinen","89":"pa_color-mattaruusukulta","90":"pa_color-messinki","91":"pa_color-metalliharmaa","92":"pa_color-metallinen-ruskea","93":"pa_color-metallinen-vari","94":"pa_color-musta","95":"pa_color-musta-hiottu-nikkeli","96":"pa_color-musta-matta-pahkinapuu","97":"pa_color-musta-nikkeli","98":"pa_color-musta-harjattu-kulta","99":"pa_color-nikkeli","100":"pa_color-onyx-kromi","101":"pa_color-orion-harmaa","102":"pa_color-os","103":"pa_color-pahkina","104":"pa_color-pinkki","105":"pa_color-platina","106":"pa_color-pronssi","107":"pa_color-pyokki","108":"pa_color-rosteri","109":"pa_color-ruostumaton-teras-rst","110":"pa_color-ruskea-harjattu-kulta","111":"pa_color-ruskea-matta-musta","112":"pa_color-ruusukulta","113":"pa_color-sammaleenharmaa","114":"pa_color-samppanjakulta","115":"pa_color-silkinvalkea","116":"pa_color-sininen","117":"pa_color-tammi","118":"pa_color-tina","119":"pa_color-tinan-musta-pbl","120":"pa_color-tinanruskea-pbr","121":"pa_color-titaani","122":"pa_color-uohi","123":"pa_color-valkoinen","124":"pa_color-valkoinen-harmaa","125":"pa_color-valkoinen-pinkki","126":"pa_color-valkoinen-sininen","127":"pa_color-valkonen-harmaa","128":"pa_color-w16","129":"pa_color-w17","130":"pa_color-wb","131":"pa_color-z03","132":"pa_color-z32","133":"pa_color-z33","134":"pa_color-z623","135":"pa_color-zm226","136":"pa_color-zm2m2","137":"pa_color-iaijerilainen-pyokki","138":"pa_size-32mm","139":"pa_size-o815","140":"pa_size-m-laatikko","141":"pa_size-o20mm","142":"pa_size-o595","143":"pa_size-o70","144":"pa_size-k-laatikko","145":"pa_size-o90mm","146":"pa_size-o38mm","147":"pa_size-musta-hiottu-nikkeli","148":"pa_size-o745","149":"pa_size-o22","150":"pa_size-e-laatikko","151":"pa_size-o120mm","152":"pa_size-o50mm","153":"pa_size-o815mm","154":"pa_size-29mm","155":"pa_size-f-laatikko","156":"pa_size-40mm","157":"pa_size-o38","158":"pa_size-o17mm","159":"pa_size-o595mm","160":"pa_size-c-laatikko","161":"pa_size-o38mm-2","162":"pa_size-o12mm","163":"pa_size-o745mm","164":"pa_size-o60mm","165":"pa_size-58mm","166":"pa_size-o50mm-2","167":"pa_size-o700mm","168":"pa_size-o75mm","169":"pa_size-35mm","170":"pa_size-26mm","171":"pa_size-o50mm-3","172":"pa_size-o750mm","173":"pa_size-o21","174":"pa_size-41mm","175":"pa_size-o750","176":"pa_size-o685mm","177":"pa_size-o21mm","178":"pa_size-34mm","179":"pa_size-o700","180":"pa_size-427","181":"pa_size-o14mm","182":"pa_size-o685","183":"pa_size-n-laatikko","184":"pa_size-o28mm","185":"pa_size-25m","186":"pa_size-42m","187":"pa_size-6mm","188":"pa_size-8mm","189":"pa_size-10mm","190":"pa_size-12mm","191":"pa_size-15mm","192":"pa_size-16mm","193":"pa_size-175mm","194":"pa_size-18mm","196":"pa_size-30mm","197":"pa_size-325mm","199":"pa_size-36mm","201":"pa_size-45mm","202":"pa_size-4820mm","203":"pa_size-49mm","204":"pa_size-50mm","205":"pa_size-52mm","206":"pa_size-55mm","208":"pa_size-60mm","209":"pa_size-63mm","210":"pa_size-155","211":"pa_size-64mm","212":"pa_size-6620mm","213":"pa_size-67mm","214":"pa_size-69mm","215":"pa_size-70mm","216":"pa_size-76mm","217":"pa_size-80mm","218":"pa_size-822mm","219":"pa_size-84mm","220":"pa_size-86mm","221":"pa_size-896mm","222":"pa_size-90mm","223":"pa_size-96m","224":"pa_size-96mm","225":"pa_size-100x100","226":"pa_size-100mm","227":"pa_size-106mm","228":"pa_size-110mm","229":"pa_size-115mm","230":"pa_size-116mm","231":"pa_size-120mm","232":"pa_size-126mm","233":"pa_size-128mm","234":"pa_size-130mm","235":"pa_size-136mm","236":"pa_size-137mm","237":"pa_size-144mm","238":"pa_size-150mm","239":"pa_size-160mm","240":"pa_size-166mm","241":"pa_size-168mm","242":"pa_size-168mm-2","243":"pa_size-170mm","244":"pa_size-180mm","245":"pa_size-190mm","246":"pa_size-192mm","247":"pa_size-197mm","248":"pa_size-200x200","249":"pa_size-200mm","250":"pa_size-208mm","251":"pa_size-220mm","252":"pa_size-224mm","253":"pa_size-226mm","254":"pa_size-230mm","255":"pa_size-239mm","256":"pa_size-240mm","257":"pa_size-250mm","258":"pa_size-256mm","259":"pa_size-288mm","260":"pa_size-296-x-705mm","261":"pa_size-297mm","262":"pa_size-300mm","263":"pa_size-300-x-705mm","264":"pa_size-320mm","265":"pa_size-328mm","266":"pa_size-350mm","267":"pa_size-352mm","268":"pa_size-384mm","269":"pa_size-400-x-705mm","270":"pa_size-400mm","271":"pa_size-416mm","272":"pa_size-425mm","273":"pa_size-448mm","274":"pa_size-450mm","275":"pa_size-470mm","276":"pa_size-480mm","277":"pa_size-492mm","278":"pa_size-500-x-705mm","279":"pa_size-500mm","280":"pa_size-512mm","281":"pa_size-540mm","282":"pa_size-544mm","283":"pa_size-550mm","284":"pa_size-576mm","285":"pa_size-596-x-705mm","286":"pa_size-596-x-1-850mm","287":"pa_size-597mm","288":"pa_size-600mm","289":"pa_size-640mm","290":"pa_size-672mm","291":"pa_size-697mm","292":"pa_size-700mm","293":"pa_size-768mm","294":"pa_size-797mm","295":"pa_size-800mm","296":"pa_size-832mm","297":"pa_size-900mm","298":"pa_size-950mm","299":"pa_size-955mm","300":"pa_size-960mm","301":"pa_size-992mm","302":"pa_size-1000mm","303":"pa_size-1024mm","304":"pa_size-1056mm","305":"pa_size-1088mm","306":"pa_size-1120mm","307":"pa_size-1168mm","308":"pa_size-1178mm","309":"pa_size-1200mm","310":"pa_size-2800x2070x18mm","312":"first","313":"instock","314":"shipping-taxable","315":"purchasable","316":"product-type-simple"},"_links":{"self":[{"href":"https:\/\/stadinmittakaluste.fi\/materiaalit\/wp-json\/wp\/v2\/product\/12969","targetHints":{"allow":["GET"]}}],"collection":[{"href":"https:\/\/stadinmittakaluste.fi\/materiaalit\/wp-json\/wp\/v2\/product"}],"about":[{"href":"https:\/\/stadinmittakaluste.fi\/materiaalit\/wp-json\/wp\/v2\/types\/product"}],"wp:featuredmedia":[{"embeddable":true,"href":"https:\/\/stadinmittakaluste.fi\/materiaalit\/wp-json\/wp\/v2\/media\/12978"}],"wp:attachment":[{"href":"https:\/\/stadinmittakaluste.fi\/materiaalit\/wp-json\/wp\/v2\/media?parent=12969"}],"wp:term":[{"taxonomy":"product_cat","embeddable":true,"href":"https:\/\/stadinmittakaluste.fi\/materiaalit\/wp-json\/wp\/v2\/product_cat?post=12969"},{"taxonomy":"product_tag","embeddable":true,"href":"https:\/\/stadinmittakaluste.fi\/materiaalit\/wp-json\/wp\/v2\/product_tag?post=12969"}],"curies":[{"name":"wp","href":"https:\/\/api.w.org\/{rel}","templated":true}]}}